2 = 3*f. Calculate the remainder when o is divided by 18.
17
Let x = 2 + 3. What is the remainder when 1/x + 24/5 is divided by (-8)/(-2) - 0/1?
1
Suppose -5*v - 8 = -3*v. Let a = -4 - v. Let s = 7 - a. What is the remainder when 27 is divided by s?
6
Let h(j) = j**2 - 4*j + 3. Let b be h(4). Let n be b/4 - 1218/24. Let o = 100 + n. Calculate the remainder when o is divided by 17.
16
Suppose 2*q = p + 109, 2*q + 0*p - 103 = -p. Let a = -18 - -36. What is the remainder when q is divided by a?
17
Suppose 3*g + g + 1304 = 0. Let i be 4/(-24) - g/12. Let f = i + -4. What is the remainder when 44 is divided by f?
21
Suppose r - 2*r = 2*c - 9, 0 = -4*c + 2*r + 30. What is the remainder when c is divided by 1?
0
Let m = -77 + 178. Let h = -63 + m. What is the remainder when h is divided by 13?
12
Suppose 0*q = 2*q. Suppose 3*y = 0, q = -5*c - y + 31 + 19. Let h(d) = d**2 - 8*d - 5. Calculate the remainder when 27 is divided by h(c).
12
Let c(v) = v**3 - 5*v**2 - 6*v - 2. Let d be c(6). Let w = d - -26. Suppose s + 5*u = 4*s - 48, -3*s + w = 3*u. Calculate the remainder when 32 is divided by s.
10
What is the remainder when -2 + 2 + -2 + 3 - -24 is divided by 17?
8
Suppose 188 = 2*y + 2*y. Calculate the remainder when y is divided by 25.
22
Let f(w) be the third derivative of w**4/24 + 29*w**3/6 + 14*w**2. Suppose j = 4*j + 5*d + 25, 0 = -2*d - 10. Calculate the remainder when f(j) is divided by 8.
5
Suppose 0 = -3*x - 0*x + 3. Suppose 3*l + 105 = 5*c, 0 = c - 5*l - 14 - 29. Calculate the remainder when c is divided by (-3 - (x + 3))/(-1).
4
Let o be (-5 - -6) + (-20)/2. Let y = o + 8. What is the remainder when (y - 1 - -2) + 36 is divided by 13?
10
Suppose 2*l - 141 = -15. Calculate the remainder when l is divided by 32.
31
What is the remainder when 4 + 140/(3 - -2) is divided by 7?
4
Let y be (-47)/9 + 10/45. Let r be y/(-7) + 8/28. Suppose 0 = -b - r + 2. Calculate the remainder when 2 is divided by b.
0
Let d(q) = 8*q**3 - q**2 - 2*q - 1. Let m be d(-1). What is the remainder when 32 is divided by 3 - m/(4 + -2)?
4
Calculate the remainder when 25 is divided by (-122)/(-8) - ((-63)/28)/(-9).
10
Suppose 6*j - 3*j - 90 = 4*x, -2*x + 6 = 0. Calculate the remainder when j is divided by 5.
4
Let w(x) = x**2 - 2*x - 1. Let v be w(-1). Suppose 0*h = -h + i - 7, v*i = 3*h + 19. Calculate the remainder when 52 is divided by (-18)/h*(3 - -2).
16
Let x = 130 + -35. What is the remainder when x is divided by 24?
23
Let s(b) = -b**3 + 5*b**2 + 8*b + 5. What is the remainder when 32 is divided by s(6)?
15
Let a(g) = -3*g - 6. What is the remainder when a(-9) is divided by 11?
10
Let m(b) = b**3 - 8*b**2 - 12*b - 20. What is the remainder when m(10) is divided by 8?
4
Suppose 30 + 25 = 5*c. Calculate the remainder when (-2)/9 + (-865)/(-45) is divided by c.
8
Suppose 0 = 4*c - 5*c + 17. Suppose 0*o = 3*o - 150. Calculate the remainder when o is divided by c.
16
Let k(x) = x**3 + 14*x**2 + 13*x + 3. What is the remainder when k(-12) is divided by 34?
33
Let o(c) = 3*c**2 - 45*c - 38. Let w(f) = -17*f. Calculate the remainder when w(-1) is divided by o(16).
7
Let l be (-4)/(-8) + (-2)/4. Suppose -y + l*y + 92 = 0. Let w = y - 49. What is the remainder when w is divided by 22?
21
Suppose 0 = -0*c + 4*c - 92. Suppose 0 = -2*v - 5*w, -5*v - 4*w = -10*v. Suppose -4*x + 20 + 12 = v. Calculate the remainder when c is divided by x.
7
Let p be ((-6)/3 - -1)*-5. Let w = 14 + p. Suppose -x + 25 = -30. What is the remainder when x is divided by w?
17
Suppose -563 = -5*m + p, 4*p + 331 = 3*m - 0*p. Suppose -6*c = -4*c + 3*d - m, -c + d = -49. What is the remainder when c is divided by 18?
16
Calculate the remainder when (140/(-6) - 1)*-3 is divided by 19.
16
What is the remainder when (-18)/27 - (-149)/3 is divided by 13?
10
Calculate the remainder when 31 is divided by 10/4 + -2 + 45/2.
8
Suppose -2*h + 67 = -0*h - v, 4*v = -4*h + 152. Calculate the remainder when h is divided by 19.
16
Suppose -20 + 292 = 8*a. Calculate the remainder when a is divided by 12.
10
Let q = -7 - -6. Let h(c) = -12*c + 1. Calculate the remainder when 38 is divided by h(q).
12
Suppose -w + 63 = 2*i, -3*w - 2*i + 257 - 60 = 0. Let f(x) = 8*x - 23. Calculate the remainder when w is divided by f(5).
16
Let z = 3 - 0. Suppose -z*c = 48 - 150. Calculate the remainder when c is divided by 9.
7
Suppose 91 = 6*i + 13. Suppose -75 = -3*o - 0*o. What is the remainder when o is divided by i?
12
Suppose 0 = -2*q + 3 + 11. Calculate the remainder when 17 is divided by q.
3
Suppose -741 + 149 = 4*l. Suppose a = -2*m + 6*m - 85, 47 = 2*m + a. What is the remainder when l/(-4) + 3 - -3 is divided by m?
21
Let s(l) = -6*l + 5. Let i = 4 - 10. What is the remainder when s(i) is divided by (-1146)/(-54) - (-4)/(-18)?
20
Let y(h) = -3*h + 15. Let j(l) = 7*l - 31. Let z(x) = 2*j(x) + 5*y(x). Calculate the remainder when 37 is divided by z(0).
11
Let j(b) = 8*b**2 + 2*b - 4. Let v be j(-3). Let f(i) = -i**3 + 5*i**2 + 6*i - 2. Let y be f(6). What is the remainder when (3/(-3))/(y/v) is divided by 11?
9
Suppose 0 = -2*y + 5*y - 15. Calculate the remainder when (-26)/(-4)*2*1 is divided by y.
3
Suppose 6 = 3*l - 9. Suppose 16 = 5*x + 3*i, -l*x = 2*i - 10 - 9. Suppose 0 = -2*b + 1 + 5, x*f = -3*b + 89. Calculate the remainder when 31 is divided by f.
15
Let r(u) = 9*u + 2. Suppose 2*k - 2 = 2*d - 12, 3*d - 4*k = 15. Calculate the remainder when r(d) is divided by 24.
23
Let n(l) = 2*l + 28. Calculate the remainder when 37 is divided by n(-3).
15
Suppose -2*y - 13 = -3*y. What is the remainder when 49 is divided by y?
10
Suppose 2*a = -2*a + 20. Suppose 0 = -0*l + 4*l, a*f + 2*l - 140 = 0. Suppose 2*n = -0*n + f. Calculate the remainder when 27 is divided by n.
13
Let u(z) = z + 5. Let p(c) = 4*c + 19. Let w(d) = -2*p(d) + 9*u(d). What is the remainder when 54 is divided by w(7)?
12
Suppose 0*s - 5*s + 205 = 0. Calculate the remainder when s is divided by 11.
8
Suppose 100 - 38 = 2*f. Let j = 50 + -34. What is the remainder when f is divided by j?
15
Let l(w) = w**3 + 5*w**2 + 3*w - 4. Let c be l(-4). Suppose -u = u - r - 37, c = 3*r - 3. Calculate the remainder when 56 is divided by u.
18
Suppose -2*n + 4 = 0, -3*n = -5*y + 3*y. Suppose -y*u + 224 = u. What is the remainder when u is divided by 19?
18
Let i(j) = -2*j + 23. What is the remainder when i(0) is divided by 7?
2
Suppose -5*i = b - 8, -3*i = -3*b - 19 + 7. What is the remainder when 7 is divided by b/(-1*4)*10?
2
Let w(i) = 6*i - 4. What is the remainder when w(2) is divided by 5?
3
Suppose 9 = 3*p, -5*p - 27 = -3*s + 6. Suppose -3*m + s - 5 = 5*c, -3 = -m - c. What is the remainder when (9/(-6) - -1)*-6 is divided by m?
1
Suppose 4*q = -4*i + 8, -5 = 5*i + 4*q - 18. Calculate the remainder when 58 is divided by i.
3
Let t = 10 + -7. Suppose 94 = 5*v - 2*q + 19, -t*q - 45 = -3*v. What is the remainder when 59 is divided by v?
14
Let q be -2 + -11*7 - -4. Let t = -52 - q. Calculate the remainder when t is divided by 6.
5
Let f(l) = l**2 - 11*l - 7. What is the remainder when 35 is divided by f(13)?
16
Suppose 3*k = 2*k - 2*o + 68, -4*o = 20. Calculate the remainder when k is divided by 20.
18
Let c = -4 - -6. What is the remainder when 26 is divided by (c/(-5))/((-1)/35)?
12
Let y(i) = i**2 + 10*i + 12. Calculate the remainder when 27 is divided by y(-9).
0
Suppose -3*r + 150 - 32 = -4*a, 5*a = 4*r - 158. Calculate the remainder when r is divided by 15.
12
Calculate the remainder when 4/(12/51) + -3 is divided by (-5)/(-4)*4/1.
4
Suppose 0 = -3*h + 2*h + 16. What is the remainder when (-185)/(-4) - 3/12 is divided by h?
14
Suppose -2*v + 4 = -24. What is the remainder when 55 is divided by v?
13
Let g(i) = 3*i + 1. Let c be g(1). Suppose 95 - 27 = c*v. What is the remainder when v is divided by 10?
7
Suppose -2 = -4*y - 6. What is the remainder when 9 is divided by -1*(y - 1) - -3?
4
Suppose -48*i + 51*i = 33. Calculate the remainder when (0 + 1)*(1 + 20) is divided by i.
10
Let s be ((-1)/1 - 0)*42. Let r = s + 92. What is the remainder when r is divided by -1*(2 + (-76)/4)?
16
What is the remainder when (2 - -63) + (4 - 2) is divided by 17?
16
Let w = 3 - 6. Let l = w - -16. Suppose -12*a = -502 + 46. Calculate the remainder when a is divided by l.
12
Let